i**2 - 11*i - 8. Let x be b(-10). Let z(l) = 2*l - 3. Let p be z(x). What is the highest common divisor of p and 4?
1
Let j(o) = 48*o - 270. Let z be j(6). Calculate the greatest common factor of z and 126.
18
Let b be 24 - -3*2/(8/(-4)). What is the greatest common divisor of 91 and b?
7
Let b be ((-1)/(4/28))/(-1). Suppose -i + b + 1 = 0. Let z be (i + -10)*1/(-2). Calculate the greatest common divisor of z and 11.
1
Let s = 107 - -420. Calculate the greatest common divisor of 17 and s.
17
Suppose -64 = 2*b - 4*b. Suppose 279 = -5*l + 919. Calculate the greatest common factor of l and b.
32
Let p be (-27)/18*28*-1. Let d = -21 + p. What is the greatest common factor of 189 and d?
21
Let f = 2819 + -2789. What is the greatest common factor of 1470 and f?
30
Suppose -35 = g - 56. Calculate the highest common divisor of 119 and g.
7
Let n be 0 + (-1 - 4) + 7. Suppose n*f + 8 = 0, 4*f - f - 37 = -m. Calculate the highest common factor of m and 539.
49
Suppose -9*f + 70 = -14*f. Let k be f/77 - (-114)/22. Suppose 5*q + a - k*a = 284, 3*q - 2*a - 172 = 0. Calculate the highest common divisor of q and 12.
12
Let d(n) be the second derivative of n**4/12 + 5*n**3/6 - 3*n**2/2 + 21*n. Let w be d(6). Calculate the highest common factor of w and 9.
9
Suppose 5*x = 5*p - 345, -x - 2 = -0. Suppose 0 = -4*t + 1437 + p. Suppose -3*w + w = g - t, -3*w + 565 = g. What is the greatest common factor of 21 and w?
21
Let b = 49 + -56. Let q(x) = -5*x - 27. Let g be q(b). What is the highest common factor of g and 8?
8
Let k be ((-102)/30 + -5)/(9/(-30)). Calculate the greatest common factor of k and 245.
7
Suppose 4*p = 3*p - 26. Let y = p - -67. Suppose -5*c - 7 = -s, -5*s + 20 = c - y. What is the greatest common divisor of 24 and s?
12
Let w(r) = 4*r**2 - r - 1. Let l be w(-1). Suppose 3*a = i - 12, 0 = a - l*a - 12. Let x be 2 + i + (-18)/(-3). Calculate the highest common factor of x and 4.
4
Let s(b) = 42*b - 7. Let x be s(1). Calculate the greatest common factor of x and 175.
35
Let d be (-1316)/(-133) + 18/171. Calculate the greatest common divisor of 52 and d.
2
Let f = 69 - 36. Suppose 0 = 5*q - 12 + 2. Suppose -1 + f = 4*n + 4*k, 12 = -q*n + 5*k. Calculate the highest common divisor of 2 and n.
2
Suppose -91 + 7 = -4*c. Let b = 40 - c. What is the greatest common divisor of b and 38?
19
Let l(h) = 13*h**2 + 11*h - 16. Let g be l(5). Suppose 386 = 5*y - g. What is the highest common factor of 15 and y?
15
Let z = -5 - -12. Let w(a) = -a**3 + 21*a**2 - 21*a + 56. Let y be w(20). Suppose z*o = 4*o + y. Calculate the greatest common divisor of 48 and o.
12
Suppose 2*q = 7*q - 50. Suppose 27 = t + q. Calculate the highest common factor of t and 34.
17
Let k be (-8)/(-36) + (4096/(-9))/(-4). Calculate the greatest common factor of 6 and k.
6
Suppose 4*a - 2*s + 34 = 128, -5*s = 3*a - 38. Suppose 1 = -4*w + a. Let v be (1/2)/(13/130). What is the greatest common divisor of w and v?
5
Let j(n) = -7*n + 41. Let r be j(3). Calculate the greatest common divisor of r and 340.
20
Suppose -60 = -4*k - 2*z + 6*z, z = -5*k + 93. Suppose 0*c + 1 = b + c, 2*c + 28 = 3*b. Calculate the highest common divisor of b and k.
6
Suppose 0 = 4*w - 2*w - 26. Suppose 8*y - 3*y = 6*c - 400, -3*y = 2*c - 124. Calculate the greatest common factor of w and c.
13
Let n be (0 - (-20)/2)*54/10. What is the greatest common factor of n and 42?
6
Suppose -a + 3 = 3*m, -2 = -2*a - 8. Let u = 599 + -585. Calculate the highest common factor of u and m.
2
Let d be 3/(12/16) - 0. Suppose -5*r + 2 + 6 = v, -3*v + 24 = d*r. What is the greatest common factor of 20 and v?
4
Let q be -2*(840/(-5))/8. Calculate the highest common factor of 60 and q.
6
Let l be (-3)/(-2)*30*2. Let d be l/(-27)*3*-11. Let x be 117/12 - 2/(-8). Calculate the greatest common divisor of d and x.
10
Suppose -2116 = 45*u - 7516. What is the highest common factor of 15 and u?
15
Let f = 23 + -42. Let t = f + 20. What is the greatest common factor of t and 3?
1
Let c(n) = -7*n + 3. Let w(x) = -5*x + 2. Let r(v) = -5*c(v) + 8*w(v). Let j be r(-7). Let h be -1*j/8*-6. Calculate the greatest common divisor of 3 and h.
3
Suppose -4*d - 681 + 857 = 0. What is the greatest common divisor of 14 and d?
2
Let h(s) = -8*s**2 + 57*s - 4. Let r be h(6). What is the highest common factor of 175 and r?
25
Let c be (1 - -32)*(-3 - -4). Suppose c = b - 5*h, 0*h + 2*h - 33 = -b. Calculate the highest common factor of b and 22.
11
Suppose -6 = -2*a - a. Let t be (-18)/(-4) - a/(-4). What is the greatest common factor of 10 and t?
5
Let s(m) = m**2 - 17*m - 54. Let x be s(-6). Let g = 54 + -33. What is the greatest common divisor of g and x?
21
Suppose -3*t + 2*c + 38 = -26, -4*c - 40 = -2*t. Let w(i) = -i**2 + 15*i - 3. Let p be w(14). Calculate the highest common factor of t and p.
11
Let j be -2*(650/(-5) - 0). Calculate the greatest common divisor of j and 52.
52
Suppose 0 = 4*y - 2*w - 296, 4*w - 183 = -3*y + 17. Let k(n) = -n**2 - 5*n + 9. Let p be k(-5). What is the highest common factor of y and p?
9
Let k = 516 - 459. Let m be (14/35)/(1/95). Calculate the highest common factor of m and k.
19
Suppose 6*q - 699 = -4*t + q, -3*t + 3*q = -531. Calculate the highest common divisor of t and 462.
22
Suppose 0 = -4*x - 3*g + 78, -92 = 3*x - 8*x - g. Calculate the highest common factor of 297 and x.
9
Let l(y) = 4*y**2 + 8*y + 24. Let q be l(-3). Calculate the greatest common factor of 198 and q.
18
Let v(s) = -s**3 - 3*s**2 + 8*s. Let w be v(-6). Let p be 9*(5/(w/104) - 4). Let h be (-9)/2*(-8)/6. What is the greatest common divisor of p and h?
6
Suppose -2*k = -0*k - 36. Let v(s) = s**2 - 3. Let r be v(-3). What is the highest common divisor of k and r?
6
Let v be ((-18)/36)/((-2)/8). Suppose v*r = -0*r + 76. Let q = r + -16. What is the highest common factor of q and 22?
22
Suppose q + 0*q = 2. Suppose 3*c + q*n = 23, 0 = -3*c - 5*n + 1 + 7. Calculate the highest common factor of c and 11.
11
Let g be 4*6 - (12 - 6). Calculate the greatest common divisor of g and 48.
6
Let w(s) = 32*s + 5. Let o be w(4). Suppose 0 = 5*i - 3*i - 38. What is the greatest common factor of i and o?
19
Suppose -667 = t - 671. What is the greatest common divisor of t and 68?
4
Let w(l) = 26*l - 44. Let k be w(18). Calculate the greatest common divisor of k and 159.
53
Let x be (2 + 47)*(-18 - -19). Suppose p - x = 49. Calculate the highest common divisor of 28 and p.
14
Let i = -6 - -11. Let t be 2*5/(-20)*-6. Suppose 0 = 5*b + i*n - 4*n - 39, t*n + 9 = 3*b. What is the greatest common factor of 28 and b?
7
Let p = 357 - 354. Calculate the greatest common divisor of p and 39.
3
Let p(c) be the third derivative of -25*c**4/24 + c**3/3 - 7*c**2. Let s be p(2). Let h be s/18*57/(-4). Calculate the highest common divisor of 57 and h.
19
Let c be (-23)/(-7) + (-10)/35. Suppose -4*v + 15 = -c*v. Suppose -3*l = -3*n - 123, 3*l - 139 = -0*n - n. What is the greatest common factor of v and l?
15
Let v be (-24)/(-3) + -1 + -3. Suppose 2*p = -2*p + v. Calculate the greatest common factor of 16 and p.
1
Let d = 523 - 508. What is the greatest common divisor of 27 and d?
3
Let p(i) = -i + 256. Let v be p(0). Let h = -194 + 226. Calculate the greatest common divisor of h and v.
32
Let c be (-4)/(-12)*(-3 - -15). Suppose 18 = -c*r + 5*r. Suppose -5*g - 5 = -x + r, 4*x - 2*g = 110. What is the greatest common divisor of 4 and x?
4
Suppose 3*s + 20 = -4*b, 0 = -4*s - 4*b - 5 - 15. Suppose s = -4*n + 29 + 67. Calculate the greatest common divisor of 8 and n.
8
Let z(r) = 108*r**2. Let q be z(-1). Let x(p) = -p**2 + 10*p - 12. Let v be x(7). What is the greatest common divisor of q and v?
9
Suppose 3*i = -2*w, i + 0 = -2*w - 4. Suppose -31 - 299 = -i*p. Calculate the highest common divisor of 66 and p.
33
Let k(x) = 5*x**2 + 12*x - 29. Let c be k(-5). What is the greatest common divisor of 162 and c?
18
Let n = -104 + 65. Let v = 27 + n. Let d = 165 + v. Calculate the highest common divisor of 17 and d.
17
Let g = 304 + -94. What is the highest common factor of 112 and g?
14
Let d(x) = x**2 + 3*x + 5. Let r be d(-5). Let t be -150*6/(24/(-10)). Suppose 11*n = 16*n - t. What is the highest common factor of n and r?
15
Let r = -464 - -508. Calculate the greatest common divisor o